{"id":9649,"date":"2023-04-13T11:36:07","date_gmt":"2023-04-13T09:36:07","guid":{"rendered":"https:\/\/vsangern.ac.at\/?page_id=9649"},"modified":"2025-09-25T08:29:39","modified_gmt":"2025-09-25T06:29:39","slug":"redl-magdalena","status":"publish","type":"page","link":"https:\/\/vsangern.ac.at\/?page_id=9649","title":{"rendered":"REDL Magdalena"},"content":{"rendered":"<p><img decoding=\"async\" loading=\"lazy\" class=\"alignnone size-medium wp-image-9568\" src=\"https:\/\/vsangern.ac.at\/wp-content\/uploads\/2023\/04\/magdalena_0-215x300.jpg\" alt=\"\" width=\"215\" height=\"300\" srcset=\"https:\/\/vsangern.ac.at\/wp-content\/uploads\/2023\/04\/magdalena_0-215x300.jpg 215w, https:\/\/vsangern.ac.at\/wp-content\/uploads\/2023\/04\/magdalena_0-9x12.jpg 9w, https:\/\/vsangern.ac.at\/wp-content\/uploads\/2023\/04\/magdalena_0.jpg 648w\" sizes=\"(max-width: 215px) 100vw, 215px\" \/><\/p>\n<p><span style=\"font-family: arial, helvetica, sans-serif; font-size: 10pt;\">Magdalena REDL<\/span><br \/>\n<span style=\"font-family: arial, helvetica, sans-serif; font-size: 10pt;\">P\u00e4dagogische Verst\u00e4rkung, Deutschf\u00f6rderung<\/span><\/p>\n<p><span style=\"font-family: arial, helvetica, sans-serif; font-size: 10pt;\">magdalena.redl@bildung.gv.at<\/span><\/p>\n","protected":false},"excerpt":{"rendered":"<p>Magdalena REDL P\u00e4dagogische Verst\u00e4rkung, Deutschf\u00f6rderung magdalena.redl@bildung.gv.at<\/p>\n","protected":false},"author":15,"featured_media":0,"parent":9176,"menu_order":0,"comment_status":"closed","ping_status":"closed","template":"","meta":{"ngg_post_thumbnail":0},"_links":{"self":[{"href":"https:\/\/vsangern.ac.at\/index.php?rest_route=\/wp\/v2\/pages\/9649"}],"collection":[{"href":"https:\/\/vsangern.ac.at\/index.php?rest_route=\/wp\/v2\/pages"}],"about":[{"href":"https:\/\/vsangern.ac.at\/index.php?rest_route=\/wp\/v2\/types\/page"}],"author":[{"embeddable":true,"href":"https:\/\/vsangern.ac.at\/index.php?rest_route=\/wp\/v2\/users\/15"}],"replies":[{"embeddable":true,"href":"https:\/\/vsangern.ac.at\/index.php?rest_route=%2Fwp%2Fv2%2Fcomments&post=9649"}],"version-history":[{"count":5,"href":"https:\/\/vsangern.ac.at\/index.php?rest_route=\/wp\/v2\/pages\/9649\/revisions"}],"predecessor-version":[{"id":10564,"href":"https:\/\/vsangern.ac.at\/index.php?rest_route=\/wp\/v2\/pages\/9649\/revisions\/10564"}],"up":[{"embeddable":true,"href":"https:\/\/vsangern.ac.at\/index.php?rest_route=\/wp\/v2\/pages\/9176"}],"wp:attachment":[{"href":"https:\/\/vsangern.ac.at\/index.php?rest_route=%2Fwp%2Fv2%2Fmedia&parent=9649"}],"curies":[{"name":"wp","href":"https:\/\/api.w.org\/{rel}","templated":true}]}}