{"id":9512,"date":"2023-04-11T17:21:11","date_gmt":"2023-04-11T15:21:11","guid":{"rendered":"https:\/\/vsangern.ac.at\/?page_id=9512"},"modified":"2023-04-14T07:30:16","modified_gmt":"2023-04-14T05:30:16","slug":"geschichte","status":"publish","type":"page","link":"https:\/\/vsangern.ac.at\/?page_id=9512","title":{"rendered":"Geschichte"},"content":{"rendered":"<p><span style=\"font-family: arial, helvetica, sans-serif; font-size: 10pt;\">Die Volksschule Angern\/March besuchen Kinder aus Angern und den Katastralgemeinden Ollersdorf, Mannersdorf und Stillfried-Grub. In diesen Orten gab es fr\u00fcher auch eigene Schulen.<\/span><br \/>\n<span style=\"font-family: arial, helvetica, sans-serif; font-size: 10pt;\">Das Schulhaus in Angern an der March gibt es seit 1790. Bis heute hat sich vieles ver\u00e4ndert. Ab 1996 stand die Schule unter der Leitung von Direktor OSR Fritz Rosskopf. Dieser trat im September 2011 in den Ruhestand \u00fcber und wurde von Direktorin Kathrin Hofecker abgel\u00f6st.<img decoding=\"async\" loading=\"lazy\" class=\"size-full wp-image-9513 alignright\" src=\"https:\/\/vsangern.ac.at\/wp-content\/uploads\/2023\/04\/geschichte_vsangern.jpg\" alt=\"\" width=\"300\" height=\"250\" srcset=\"https:\/\/vsangern.ac.at\/wp-content\/uploads\/2023\/04\/geschichte_vsangern.jpg 300w, https:\/\/vsangern.ac.at\/wp-content\/uploads\/2023\/04\/geschichte_vsangern-14x12.jpg 14w\" sizes=\"(max-width: 300px) 100vw, 300px\" \/> Nach dem Wechsel von VD Kathrin Hofecker (Ende des Schuljahres 2017\/2018) nach Zistersdorf, \u00fcbernahm Direktor Michael M\u00fcllner die Leitung der VS Angern.<\/span><br \/>\n<span style=\"font-family: arial, helvetica, sans-serif; font-size: 10pt;\">Unsere Schule wurde einige Male saniert, erneuert und vergr\u00f6\u00dfert. 1988 wurde eine Sporthalle als Turnsaal und gleichzeitig als Veranstaltungshalle f\u00fcr die Gemeinde, die so genannte \u201eMarchlandhalle\u201c, erbaut. Im Jahre 1999 wurde die Schule auf die heutige Gr\u00f6\u00dfe erweitert.<\/span><br \/>\n<span style=\"font-family: arial, helvetica, sans-serif; font-size: 10pt;\">Seit dem Schuljahr 2012\/13 gibt es an unserer Schule das Angebot der Schulischen Nachmittagsbetreuung. Aufgrund der gro\u00dfen Anmeldezahl wurde der bestehende Hortraum zu klein und so wurde wieder intensiv umgebaut. Es wurden W\u00e4nde entfernt und f\u00fcr die Kinder ein gro\u00dfer Raum geschaffen, indem sie sich am Nachmittag austoben k\u00f6nnen und zugleich aber auch Bereiche finden, um sich zu entspannen.<\/span><\/p>\n<p>&nbsp;<\/p>\n","protected":false},"excerpt":{"rendered":"<p>Die Volksschule Angern\/March besuchen Kinder aus Angern und den Katastralgemeinden Ollersdorf, Mannersdorf und Stillfried-Grub. In diesen Orten gab es fr\u00fcher auch eigene Schulen. Das Schulhaus in Angern an der March gibt es seit 1790. Bis heute hat sich vieles ver\u00e4ndert. &hellip; <\/p>\n","protected":false},"author":6,"featured_media":0,"parent":0,"menu_order":0,"comment_status":"closed","ping_status":"closed","template":"","meta":{"ngg_post_thumbnail":0},"_links":{"self":[{"href":"https:\/\/vsangern.ac.at\/index.php?rest_route=\/wp\/v2\/pages\/9512"}],"collection":[{"href":"https:\/\/vsangern.ac.at\/index.php?rest_route=\/wp\/v2\/pages"}],"about":[{"href":"https:\/\/vsangern.ac.at\/index.php?rest_route=\/wp\/v2\/types\/page"}],"author":[{"embeddable":true,"href":"https:\/\/vsangern.ac.at\/index.php?rest_route=\/wp\/v2\/users\/6"}],"replies":[{"embeddable":true,"href":"https:\/\/vsangern.ac.at\/index.php?rest_route=%2Fwp%2Fv2%2Fcomments&post=9512"}],"version-history":[{"count":5,"href":"https:\/\/vsangern.ac.at\/index.php?rest_route=\/wp\/v2\/pages\/9512\/revisions"}],"predecessor-version":[{"id":9692,"href":"https:\/\/vsangern.ac.at\/index.php?rest_route=\/wp\/v2\/pages\/9512\/revisions\/9692"}],"wp:attachment":[{"href":"https:\/\/vsangern.ac.at\/index.php?rest_route=%2Fwp%2Fv2%2Fmedia&parent=9512"}],"curies":[{"name":"wp","href":"https:\/\/api.w.org\/{rel}","templated":true}]}}